{"id":93,"date":"2023-05-30T13:38:14","date_gmt":"2023-05-30T13:38:14","guid":{"rendered":"https:\/\/bestteam.pt\/?page_id=93"},"modified":"2023-06-22T11:39:48","modified_gmt":"2023-06-22T11:39:48","slug":"estatutos","status":"publish","type":"page","link":"https:\/\/bestteam.pt\/index.php\/estatutos\/","title":{"rendered":"Estatutos"},"content":{"rendered":"\n<h2 class=\"wp-block-heading has-text-align-center\"><mark style=\"background-color:rgba(0, 0, 0, 0);color:#90d7ed\" class=\"has-inline-color\">Constitui\u00e7\u00e3o da Associa\u00e7\u00e3o<\/mark><\/h2>\n\n\n\n<div class=\"wp-block-group\"><div class=\"wp-block-group__inner-container is-layout-constrained wp-block-group-is-layout-constrained\">\n<p>Primeiro: NUNO RENDO AFONSO ALVES, divorciado, natural da freguesia de campo grande (extinta), concelho de Lisboa,  residente em Rua Alfredo Vitorino Costa, N\u00famero 13, 3\u00ba esq\u00ba, S\u00e3o Jo\u00e3o da Talha, contribuinte n\u00ba 209894172.<\/p>\n\n\n\n<p>Segundo: ANA MARIA CAIPIRRO DA SILVA, vi\u00fava, natural da freguesia de Vialonga, concelho de Vila Franca de Xira, residente em Rua Alfredo Vitorino Costa, N\u00famero 13, 3\u00ba esq\u00ba, S\u00e3o Jo\u00e3o da Talha, contribuinte n\u00ba 213058936.<\/p>\n\n\n\n<h2 class=\"wp-block-heading has-text-align-center\"><mark style=\"background-color:rgba(0, 0, 0, 0);color:#90d7ed\" class=\"has-inline-color\">Artigo 1.\u00ba<\/mark><\/h2>\n\n\n\n<h3 class=\"wp-block-heading has-text-align-center\">Denomina\u00e7\u00e3o, sede e dura\u00e7\u00e3o<\/h3>\n<\/div><\/div>\n\n\n\n<ol class=\"wp-block-list\">\n<li>A associa\u00e7\u00e3o, sem fins lucrativos, adota a denomina\u00e7\u00e3o ABTA &#8211; ASSOCIA\u00c7\u00c3O BESTTEAM AVENTURA , e tem a sede na Rua Alfredo Vitorino Costa, N\u00famero 13, 3\u00ba esq\u00ba, S\u00e3o Jo\u00e3o da Talha, freguesia de Santa Iria de Azoia, S\u00e3o Jo\u00e3o da Talha e Bobadela, concelho de Loures e constitui-se por tempo indeterminado.<\/li>\n\n\n\n<li>A associa\u00e7\u00e3o tem o n\u00famero de pessoas coletiva 514022531 e o n\u00famero de identifica\u00e7\u00e3o na seguran\u00e7a social 25140225317.<\/li>\n<\/ol>\n\n\n\n<h2 class=\"wp-block-heading has-text-align-center\"><mark style=\"background-color:rgba(0, 0, 0, 0);color:#90d7ed\" class=\"has-inline-color\">Artigo 2.\u00ba<\/mark><\/h2>\n\n\n\n<h3 class=\"wp-block-heading has-text-align-center\">Fim<\/h3>\n\n\n\n<div class=\"wp-block-group\"><div class=\"wp-block-group__inner-container is-layout-constrained wp-block-group-is-layout-constrained\">\n<p>1. A associa\u00e7\u00e3o tem por objetivo principal a promo\u00e7\u00e3o e organiza\u00e7\u00e3o de atividades f\u00edsicas e recreativas enquanto atividades ligadas ao desporto competitivo, l\u00fadico, formativo, social e lazer, procurando igualmente contribuir para a defesa, promo\u00e7\u00e3o e divulga\u00e7\u00e3o do patrim\u00f3nio cultural, paisagista e ambiental da regi\u00e3o envolvente, assim como, promover eventos e atividades no \u00e2mbito da solidariedade social e comunit\u00e1ria<\/p>\n\n\n\n<p>2. Complementarmente ao objetivo principal descrito no n\u00famero anterior, a associa\u00e7\u00e3o procurar\u00e1, como objetivo secund\u00e1rio, criar condi\u00e7\u00f5es m\u00ednimas para desenvolver uma componente instrutiva direcionada aos jovens da comunidade, promovendo forma\u00e7\u00e3o b\u00e1sica das modalidades desportivas praticas, tendo em vista contribu\u00edda para uma maior participa\u00e7\u00e3o e integra\u00e7\u00e3o social juvenil.<\/p>\n\n\n\n<p>3. Desenvolver a coopera\u00e7\u00e3o e solidariedade entre os seus elementos, com base da realiza\u00e7\u00e3o dos objetivos.<\/p>\n\n\n\n<h2 class=\"wp-block-heading has-text-align-center\"><mark style=\"background-color:rgba(0, 0, 0, 0);color:#90d7ed\" class=\"has-inline-color\">Artigo 3.\u00ba<\/mark><\/h2>\n\n\n\n<h3 class=\"wp-block-heading has-text-align-center\">Receitas<\/h3>\n\n\n\n<ol class=\"wp-block-list\">\n<li>A joia inicial paga pelos s\u00f3cios;<\/li>\n\n\n\n<li>O produto das quotiza\u00e7\u00f5es fixadas pela assembleia geral;<\/li>\n\n\n\n<li>Os rendimentos aos bens pr\u00f3pios das associa\u00e7\u00e3o e as receitas das atividades sociais;<\/li>\n\n\n\n<li>As liberalidades aceites pela associa\u00e7\u00e3o;<\/li>\n\n\n\n<li>Os subs\u00eddios que lhe sejam atribu\u00eddos;<\/li>\n<\/ol>\n\n\n\n<h2 class=\"wp-block-heading has-text-align-center\"><mark style=\"background-color:rgba(0, 0, 0, 0);color:#90d7ed\" class=\"has-inline-color\">Artigo 4.\u00ba<\/mark><\/h2>\n\n\n\n<h3 class=\"wp-block-heading has-text-align-center\">\u00d3rg\u00e3os<\/h3>\n\n\n\n<ol class=\"wp-block-list\">\n<li>S\u00e3o \u00f3rg\u00e3os da associa\u00e7\u00e3o a assembleia geral, a dire\u00e7\u00e3o e o conselho fiscal.<\/li>\n\n\n\n<li>O mandato dos titulares dos \u00f3rg\u00e3os sociais \u00e9 de 3 ano(s).<\/li>\n<\/ol>\n\n\n\n<h2 class=\"wp-block-heading has-text-align-center\"><mark style=\"background-color:rgba(0, 0, 0, 0);color:#90d7ed\" class=\"has-inline-color\">Artigo 5.\u00ba<\/mark><\/h2>\n\n\n\n<h3 class=\"wp-block-heading has-text-align-center\">Assembleia geral<\/h3>\n\n\n\n<ol class=\"wp-block-list\">\n<li> A assembleia geral \u00e9 constitu\u00edda por todos os associados no pleno gozo dos seus direitos.<\/li>\n\n\n\n<li>A compet\u00eancia da assembleia geral e a forma do seu funcionamento s\u00e3o os estabelecidos no C\u00f3digo Civil, designadamente no artigo 170\u00ba, e nos artigos 172\u00ba a 179\u00ba.<\/li>\n\n\n\n<li>A mesa da assembleia geral \u00e9 composta por tr\u00eas associados, um presidente e dois secret\u00e1rios, competindo-lhes dirigir as reuni\u00f5es da assembleia e lavrar as respetivas atas.<\/li>\n<\/ol>\n\n\n\n<h2 class=\"wp-block-heading has-text-align-center\"><mark style=\"background-color:rgba(0, 0, 0, 0);color:#90d7ed\" class=\"has-inline-color\">Artigo 6.\u00ba<\/mark><\/h2>\n\n\n\n<h3 class=\"wp-block-heading has-text-align-center\">Dire\u00e7\u00e3o<\/h3>\n\n\n\n<ol class=\"wp-block-list\">\n<li>A dire\u00e7\u00e3o, eleita em assembleia geral, \u00e9 composta por 3 associados.<\/li>\n\n\n\n<li>\u00c0 dire\u00e7\u00e3o compete a ger\u00eancia social, administrativa e financeira da associa\u00e7\u00e3o, representar a associa\u00e7\u00e3o em ju\u00edzo e fora dele.<\/li>\n\n\n\n<li>A forma do seu funcionamento \u00e9 a estabelecida no artigo 171\u00ba do C\u00f3digo Civil.<\/li>\n\n\n\n<li>A associa\u00e7\u00e3o obriga-se com a interven\u00e7\u00e3o de duas assinaturas em conjunto.<\/li>\n<\/ol>\n\n\n\n<h2 class=\"wp-block-heading has-text-align-center\"><mark style=\"background-color:rgba(0, 0, 0, 0);color:#90d7ed\" class=\"has-inline-color\">Artigo 7.\u00ba<\/mark><\/h2>\n\n\n\n<h3 class=\"wp-block-heading has-text-align-center\">Conselho Fiscal<\/h3>\n\n\n\n<ol class=\"wp-block-list\">\n<li>O conselho fiscal, eleito em assembleia geral, \u00e9 composta por 3 associados.<\/li>\n\n\n\n<li>Ao conselho fiscal compete fiscalizar os atos administrativos e financeiros da dire\u00e7\u00e3o, fiscalizar as suas contas e relat\u00f3rios, e dar parecer sobre os atos que impliquem aumento das despesas ou diminui\u00e7\u00e3o das receitas.<\/li>\n\n\n\n<li>A forma do seu funcionamento \u00e9 a estabelecida no artigo 171\u00ba do C\u00f3digo civil.<\/li>\n<\/ol>\n\n\n\n<h2 class=\"wp-block-heading has-text-align-center\"><mark style=\"background-color:rgba(0, 0, 0, 0);color:#90d7ed\" class=\"has-inline-color\">Artigo 8.\u00ba<\/mark><\/h2>\n\n\n\n<h3 class=\"wp-block-heading has-text-align-center\">Admiss\u00e3o e exclus\u00e3o<\/h3>\n\n\n\n<p>As condi\u00e7\u00f5es de admiss\u00e3o e exclus\u00e3o dos associados, suas categorias, direitos e obriga\u00e7\u00f5es, constar\u00e3o de regulamento a aprovar pela assembleia geral<\/p>\n\n\n\n<h2 class=\"wp-block-heading has-text-align-center\"><mark style=\"background-color:rgba(0, 0, 0, 0);color:#90d7ed\" class=\"has-inline-color\">Artigo 9.\u00ba<\/mark><\/h2>\n\n\n\n<h3 class=\"wp-block-heading has-text-align-center\">Extin\u00e7\u00e3o, Destino dos bens.<\/h3>\n\n\n\n<p>Extinta a associa\u00e7\u00e3o, o destino dos bens que integrarem o patrim\u00f3nio social, que n\u00e3o estejam, afetados a fim determinado e que n\u00e3o lhe tenham sido doados ou deixados com algum encargo, ser\u00e1 objeto de delibera\u00e7\u00e3o dos associados.<\/p>\n\n\n\n<p>Os associados declaram ter sido informados de que devem proceder \u00e1 entrega da declara\u00e7\u00e3o de inicio de atividade para efeitos fiscais, no prazo legal de 90 dias.<\/p>\n\n\n\n<p><\/p>\n<\/div><\/div>\n","protected":false},"excerpt":{"rendered":"<p>Constitui\u00e7\u00e3o da Associa\u00e7\u00e3o Primeiro: NUNO RENDO AFONSO ALVES, divorciado, natural da freguesia de campo grande (extinta), concelho de Lisboa, residente em Rua Alfredo Vitorino Costa,&hellip;<\/p>\n","protected":false},"author":1,"featured_media":0,"parent":0,"menu_order":0,"comment_status":"closed","ping_status":"closed","template":"","meta":{"footnotes":""},"class_list":["post-93","page","type-page","status-publish","hentry"],"_links":{"self":[{"href":"https:\/\/bestteam.pt\/index.php\/wp-json\/wp\/v2\/pages\/93","targetHints":{"allow":["GET"]}}],"collection":[{"href":"https:\/\/bestteam.pt\/index.php\/wp-json\/wp\/v2\/pages"}],"about":[{"href":"https:\/\/bestteam.pt\/index.php\/wp-json\/wp\/v2\/types\/page"}],"author":[{"embeddable":true,"href":"https:\/\/bestteam.pt\/index.php\/wp-json\/wp\/v2\/users\/1"}],"replies":[{"embeddable":true,"href":"https:\/\/bestteam.pt\/index.php\/wp-json\/wp\/v2\/comments?post=93"}],"version-history":[{"count":6,"href":"https:\/\/bestteam.pt\/index.php\/wp-json\/wp\/v2\/pages\/93\/revisions"}],"predecessor-version":[{"id":518,"href":"https:\/\/bestteam.pt\/index.php\/wp-json\/wp\/v2\/pages\/93\/revisions\/518"}],"wp:attachment":[{"href":"https:\/\/bestteam.pt\/index.php\/wp-json\/wp\/v2\/media?parent=93"}],"curies":[{"name":"wp","href":"https:\/\/api.w.org\/{rel}","templated":true}]}}